hen o(10) is divided by 2?
1
Suppose 3*r = 4*r - 100. Calculate the remainder when r is divided by 15.
10
Let a = 18 + -7. Let p = 29 - 10. What is the remainder when p is divided by a?
8
Suppose 4*h + 3 = 7. Suppose -7*t = 2*a - 2*t - 28, 5*t - 47 = -3*a. Calculate the remainder when a is divided by 8 + -1*2 + h.
5
Let b = -28 + 42. What is the remainder when 53 is divided by b?
11
Let b = -19 + -59. What is the remainder when ((-48)/32)/(1/b) is divided by 30?
27
Suppose a - 5*a + 8 = 0. Suppose 4*i - 2*i - 26 = -a*z, i + 5*z = 17. What is the remainder when 23 is divided by i?
11
Suppose -3*i + 24 = -15. Calculate the remainder when 61 is divided by i.
9
Let b(c) be the third derivative of c**4/3 - 7*c**3/6 - c**2. Calculate the remainder when b(6) is divided by 14.
13
Let d = -48 - -65. Calculate the remainder when 42 is divided by d.
8
Suppose 3*f + 20 = 5*g + 2*f, -4*g = -3*f - 5. Suppose 0 = h - g - 1. Calculate the remainder when (-87)/(-5) + 10/(-25) is divided by h.
5
Suppose -b - 5*l - 1 + 14 = 0, 2*b - 71 = -l. Calculate the remainder when b is divided by 10.
8
Let c = 14 - 9. Calculate the remainder when 13 is divided by c.
3
Let z(g) = g + 2. Suppose 2*t + 8 = 0, -2*l + 19 + 9 = 2*t. Let d = -4 + l. What is the remainder when d is divided by z(6)?
6
Suppose -3*c + 14 = -16. What is the remainder when 19 is divided by c?
9
Suppose 5*g = g - 8. What is the remainder when 25 is divided by 2/(-2) - (-16 - g)?
12
Let q = -16 - -20. Calculate the remainder when -2 + (1 + -1 - -12) is divided by q.
2
Let l(c) = c**3 - 5*c**2 + 5*c. Suppose 5*k - 15 = 0, 0 = -3*z - 2*k + 74 + 226. What is the remainder when z is divided by l(5)?
23
Let y(b) = b**2 + 15*b - 17. What is the remainder when y(-20) is divided by 14?
13
Let s(q) = 35*q**3 - 3*q**2 + q + 1. What is the remainder when s(1) is divided by 21?
13
Let r = 27 + 18. What is the remainder when r is divided by (((-144)/(-14))/4)/(24/112)?
9
Let a(x) = x**3 + 4*x**2 - 2. Let t be a(-4). Let k = -5 - -39. Calculate the remainder when k is divided by (-5 - 4)*(t - 0).
16
Let p = 74 + -20. What is the remainder when p is divided by 14?
12
Suppose 26 = -3*t + 7*t + j, -2*j = -4. What is the remainder when t is divided by 4?
2
Suppose 2*p + t + 5 + 0 = 0, -20 = -5*p + 4*t. Suppose -l + 80 = 5*x, p = -3*x + 4*x + 4*l + 3. What is the remainder when 33 is divided by x?
16
Let n(r) be the second derivative of -r**4/12 + 4*r**3/3 + r**2/2 + r. What is the remainder when 31 is divided by n(7)?
7
Suppose -12 = -5*m - 4*n + 3, -4*m + 12 = -3*n. Suppose -m*f + 5 = -10. Calculate the remainder when 14 is divided by f.
4
Suppose 40 = -4*k + 4*w - 252, k + w + 75 = 0. Let d be (-1084)/10 + (-6)/(-15). Let f = k - d. Calculate the remainder when f is divided by 12.
10
Let a = -23 - -25. Suppose -4*y + 4*u + 2 = -2*y, -a*y + u + 5 = 0. What is the remainder when 11 is divided by y?
2
Let i = -4 - -19. What is the remainder when 27 is divided by i?
12
Let o(d) = -d**3 - 2*d**2 + 2*d + 7. Let f be o(-5). Let m = f - 43. What is the remainder when 114 is divided by m?
27
Suppose 3*t + 12 = 2*z, -2*t - 2*z + 0 - 18 = 0. Let l(x) = x**3 + 8*x**2 + 3*x + 1. Calculate the remainder when l(t) is divided by ((-196)/(-21))/(4/6).
13
Let f be (-2)/(4/(-10)) + -2. Suppose -q = -f*c + 166, -8 = -q - 3. Calculate the remainder when c is divided by 15.
12
Let g(t) = -3*t**2 - 25*t + 10. Suppose j + j - 80 = 0. Suppose 4*h + 0 = j. Calculate the remainder when g(-8) is divided by h.
8
Let d = -15 + 22. What is the remainder when 25 is divided by d?
4
Let u be (-5 - -3)/((-2)/(-8)). Let w be (u/(-10))/(3/30). Let c = w + 1. Calculate the remainder when 25 is divided by c.
7
Suppose 0*w - w + 87 = 2*p, 4*w + 112 = 2*p. Let k = 0 - -2. Suppose 68 = 4*q + k*m, -50 = -3*q - 3*m + 2*m. Calculate the remainder when p is divided by q.
14
Suppose 3*i = 2*i + 70. Suppose -i = -3*z - 2*z. Let q(d) = -41*d. What is the remainder when q(-1) is divided by z?
13
Suppose -4*h = 5*o - 15 - 17, 0 = 5*h - 3*o - 3. Calculate the remainder when 6 is divided by h.
0
Suppose 5*f = -4*c - 41, 2 = -c + 3*c. Suppose 11*x = 2*x + 135. What is the remainder when (-511)/f - (-4)/18 is divided by x?
12
Suppose 4*p = -3*b + 4*b - 63, 36 = -3*p - 3*b. Calculate the remainder when 47 is divided by ((-80)/p)/((-2)/(-6)).
15
Let g = 58 - 41. What is the remainder when g is divided by 6?
5
Let x = -61 - -111. Calculate the remainder when x is divided by 15.
5
Let s = 15 + -9. What is the remainder when 45 is divided by (-16)/s*(-36)/8?
9
Let q(l) = l**2 + 2*l + 2. What is the remainder when q(4) is divided by 7?
5
Let u(n) = 3*n**2 - n + 4. What is the remainder when 27 is divided by u(2)?
13
Suppose 0*d = d. Suppose d = -5*r + 5*v + 160, -2*v = 4*r - 4*v - 130. What is the remainder when r is divided by 17?
16
Let h = -12 + 38. Calculate the remainder when h is divided by 1/1*(-14)/(-2).
5
Let c(l) = -11*l + 1. Suppose -12*u = 4*u - 464. What is the remainder when c(-5) is divided by u?
27
Let k = 61 - 27. Calculate the remainder when 64 is divided by k.
30
Let y(m) = m**3 - m + 6. Let g be y(0). Let c(u) = -u**3 + 5*u**2 + 8*u + 5. Calculate the remainder when c(g) is divided by (-4 - -1)*(-15)/5.
8
Suppose 0 = c + 3 - 47. Suppose -54 = -5*k - 4*l - 1, 4*l + 37 = 5*k. What is the remainder when c is divided by k?
8
Let g = -8 - -11. Let h(o) = 2*o - 5. Let f be h(5). Let b(t) = -t**3 + 5*t**2 + 2*t - 2. What is the remainder when b(f) is divided by g?
2
Let o(y) = -y**2 + 9*y - 10. Let g = 24 + -22. Calculate the remainder when o(7) is divided by g.
0
Suppose -2*r = -r - 34. Calculate the remainder when r is divided by 9.
7
Let u(j) be the third derivative of j**5/60 + 7*j**4/24 + 3*j**3/2 + 3*j**2. Let a be u(-7). What is the remainder when 8 is divided by 3/(-2)*(-30)/a?
3
Suppose f = 0, -2*f = 2*l - 4 - 4. Calculate the remainder when 7 is divided by l.
3
Let a(u) = -35*u. Let j be a(-1). Suppose -j + 176 = 3*b. Calculate the remainder when b is divided by (-8)/(-10)*(2 + 18).
15
Let b be 2/2 - 0 - 0. Let y = 39 - 20. Calculate the remainder when 49 is divided by 1*-2*b + y.
15
Suppose 5*r - 5 = -0*x + 5*x, 8 = -2*x - 4*r. Suppose 5*i = 5 + 10. What is the remainder when (x/6)/1*-12 is divided by i?
1
Let i = -12 - -25. Let s(q) = -q - 5. Let m be s(-7). What is the remainder when m*(-2)/(4/(-37)) is divided by i?
11
Let a(n) = -2*n**2 + 0*n**2 - 2*n + 3*n**2 - 5 - 3. Let t = -46 + 77. Calculate the remainder when t is divided by a(6).
15
Let s be (4/6)/(6/(-423)). Let y = -29 - s. What is the remainder when (-4)/(-10) - 168/(-5) is divided by y?
16
Let m = -4 + 4. Suppose -2*w = 4*d - 38, m*d = -5*w - 5*d + 110. What is the remainder when w is divided by 14?
11
Let b = -31 - -53. Suppose 5 = f - b. What is the remainder when f is divided by 10?
7
Calculate the remainder when (-1771)/(-35) + (-4)/(-10) is divided by 18.
15
Let s(m) = -m**3 + 5*m**2 - 5*m + 2. Let d be s(3). Suppose 3*b = -c - 3*c + 73, c = -d*b + 31. What is the remainder when 46 is divided by c?
14
Let n = 13 + -3. Let v = -3 + n. Let t(a) = a**2 - 16*a + 43. Calculate the remainder when v is divided by t(13).
3
Suppose -113 = -3*t - 8. What is the remainder when t is divided by 12?
11
Let c(p) = -p**2 - 13*p - 4. Calculate the remainder when 35 is divided by c(-11).
17
Suppose -p = -28 - 5. Let k = p + 4. What is the remainder when k is divided by 13?
11
Suppose -3*p - 3*x = -0*p + 84, 3*x - 72 = 3*p. Let f = -8 - p. Calculate the remainder when 51 is divided by f.
15
Let s = 65 - 44. What is the remainder when s is divided by 13?
8
Let k(j) = -j + 8. What is the remainder when 37 is divided by k(-11)?
18
Let z = 16 + -8. Suppose 3*d - 4*t = -12, -3*d - 4*t - 47 = -11. What is the remainder when z/3*(-36)/d is divided by 7?
5
Let l(x) = -20*x**3 - x**2 + 2*x - 1. Let r be l(1). Let n = -14 - r. Calculate the remainder when 17 is divided by n.
5
Let m(n) = n**3 - 8*n**2 + 7. What is the remainder when 67 is divided by m(8)?
4
Calculate the remainder when (1 - (-428)/20)*5 is divided by 23.
20
Suppose 12*z + 0 - 132 = 0. What is the remainder when 18 is divided by z?
7
Let l = 9 - -30. What is the remainder when l is divided by 202/10 + (-2)/10?
19
Suppose -3*y - 23 = -5*q, q = 4